{"id":1558,"date":"2020-02-29T10:32:51","date_gmt":"2020-02-29T10:32:51","guid":{"rendered":"http:\/\/www.ralfkropp.de\/radreisen\/wordpress\/?page_id=1558"},"modified":"2021-01-28T18:40:08","modified_gmt":"2021-01-28T18:40:08","slug":"sardinien-2018","status":"publish","type":"page","link":"http:\/\/www.ralfkropp.de\/radreisen\/wordpress\/sardinien-2018\/","title":{"rendered":"Sardinien 2018"},"content":{"rendered":"\n<p>Im M\u00e4rz 2018 ist Sardinien unser Reiseziel. Die erst Woche fahre ich allein die Ostk\u00fcste rauf und in der zweiten Woche mit Sabine die Westk\u00fcst.<\/p>\n<p><iframe loading=\"lazy\" class=\"alltrails\" title=\"AllTrails: Trail Guides and Maps for Hiking, Camping, and Running\" src=\"https:\/\/www.alltrails.com\/widget\/recording\/sardinien-radtour-ostkuste-7-tage?u=m\" width=\"100%\" height=\"400\" frameborder=\"0\" marginwidth=\"0\" marginheight=\"0\" scrolling=\"no\"><\/iframe><\/p>\n<p><iframe loading=\"lazy\" class=\"alltrails\" title=\"AllTrails: Trail Guides and Maps for Hiking, Camping, and Running\" src=\"https:\/\/www.alltrails.com\/widget\/recording\/sardinien-radtour-westkuste-5-tage?u=m\" width=\"100%\" height=\"400\" frameborder=\"0\" marginwidth=\"0\" marginheight=\"0\" scrolling=\"no\"><\/iframe><\/p>\n<p><span style=\"font-family: Arial, serif;\"><b>Tag 1<\/b><\/span><\/p>\n<p><span style=\"font-family: Arial, serif;\"><b>Ankunft auf Sardinien<\/b><\/span><\/p>\n<p><span style=\"font-family: Arial, serif;\">Korsika ist sch\u00f6n vom Flugzeug aus zu sehen und Erinnerungen an meine erste Radtour mit Sabine rund um Korsika gehen mir durch den Kopf .<\/span><\/p>\n<p><span style=\"font-family: Arial, serif;\">Wir fliegen \u00fcber die Insel hinaus, bevor <\/span><span style=\"font-family: Arial, serif;\">das Flugzeug eine Schleife dreht und<\/span><span style=\"font-family: Arial, serif;\"> dann <\/span><span style=\"font-family: Arial, serif;\">zu<\/span><span style=\"font-family: Arial, serif;\">r L<\/span><span style=\"font-family: Arial, serif;\">and<\/span><span style=\"font-family: Arial, serif;\">ung<\/span><span style=\"font-family: Arial, serif;\"> ansetz<\/span><span style=\"font-family: Arial, serif;\">t<\/span><span style=\"font-family: Arial, serif;\">. Der Radkoffer ist schnell abgeholt und nun stellt sich mir die Frage, wo <\/span><span style=\"font-family: Arial, serif;\">deponiere <\/span><span style=\"font-family: Arial, serif;\">ich den Karton? Auf dem Flugplatz oder in der Unterkunft? <\/span><span style=\"font-family: Arial, serif;\">Leider bietet sich<\/span> <span style=\"font-family: Arial, serif;\">a<\/span><span style=\"font-family: Arial, serif;\">uf dem Flughafen keine gute M\u00f6glichkeit, so schleppe ich das ganze Gep\u00e4ck zum Bahnhof, was aber nur ein<\/span><span style=\"font-family: Arial, serif;\">e<\/span><span style=\"font-family: Arial, serif;\"> Haltestelle ist ohne <\/span><span style=\"font-family: Arial, serif;\">jegliche <\/span><span style=\"font-family: Arial, serif;\">Gep\u00e4ckaufbewahrung. Den Karton einfach hinter einer Mauer verstecken geht auch nicht, da bei Regen <\/span><span style=\"font-family: Arial, serif;\">dieser<\/span><span style=\"font-family: Arial, serif;\"> sich in seine Bestandteile aufl\u00f6sen w\u00fcrde. Also <\/span><span style=\"font-family: Arial, serif;\">nehme ich <\/span><span style=\"font-family: Arial, serif;\">alles <\/span><span style=\"font-family: Arial, serif;\">mit <\/span><span style=\"font-family: Arial, serif;\">in den Zug, was auch problemlos <\/span><span style=\"font-family: Arial, serif;\">funktioniert<\/span><span style=\"font-family: Arial, serif;\">. <\/span><span style=\"font-family: Arial, serif;\">Dabei b<\/span><span style=\"font-family: Arial, serif;\">ekomme <\/span><span style=\"font-family: Arial, serif;\">ich<\/span><span style=\"font-family: Arial, serif;\"> sogar noch Hilfe von der Schaffnerin. <\/span><span style=\"font-family: Arial, serif;\">Am<\/span><span style=\"font-family: Arial, serif;\"> Bahnhof von <\/span><em><span style=\"color: #000000;\"><span style=\"font-family: Arial, serif;\"><span lang=\"de-DE\">Cagliari<\/span><\/span><\/span><\/em><span style=\"font-family: Arial, serif;\"> stehe ich wieder etwas planlos<\/span><span style=\"font-family: Arial, serif;\"> da, denn auch hier gibt es keine M\u00f6glichkeit der Gep\u00e4ckaufbewahrung<\/span><span style=\"font-family: Arial, serif;\">. Das ganze Gep\u00e4ck zur Unterkunft schleppen scheint mir zu schwierig, denn ich m\u00fcsste es immer in Etappen St\u00fcck f\u00fcr St\u00fcck voran bringen. Also baue ich das Rad zusammen, h\u00e4ngte die Gep<\/span><span style=\"font-family: Arial, serif;\">\u00e4<\/span><span style=\"font-family: Arial, serif;\">cktaschen dran und ziehe den <\/span><span style=\"font-family: Arial, serif;\">Fahrradkarton<\/span><span style=\"font-family: Arial, serif;\"> neben <\/span><span style=\"font-family: Arial, serif;\">mir her.<\/span><\/p>\n<p><span style=\"font-family: Arial, serif;\">Sehr <\/span><span style=\"font-family: Arial, serif;\">a<\/span><span style=\"font-family: Arial, serif;\">benteuerlich, <\/span><span style=\"font-family: Arial, serif;\">d<\/span><span style=\"font-family: Arial, serif;\">och alles geht gut bis mir eine Treppe d<\/span><span style=\"font-family: Arial, serif;\">ie<\/span><span style=\"font-family: Arial, serif;\"> letzten Meter zum Eingang <\/span><span style=\"font-family: Arial, serif;\">des gebuchten Hostels<\/span><span style=\"font-family: Arial, serif;\"> versperrt. Aber auch die wird bezwungen und in der Pension steht mir <\/span><span style=\"font-family: Arial, serif;\">dann <\/span><span style=\"font-family: Arial, serif;\">ein <\/span><span style=\"font-family: Arial, serif;\">r<\/span><span style=\"font-family: Arial, serif;\">iesiges Zimmer zur Verf\u00fcgung. <\/span><span style=\"font-family: Arial, serif;\">Das Fahrr<\/span><span style=\"font-family: Arial, serif;\">ad und <\/span><span style=\"font-family: Arial, serif;\">mein <\/span><span style=\"font-family: Arial, serif;\">Karton bekommen Platz in einer Abstellkammer.<\/span><\/p>\n<p><span style=\"font-family: Arial, serif;\">Nach kurzer Erholung geht es in die Altstadt um das Hungergef\u00fchl nicht all zu gro\u00df werden zu lassen. Durch gro\u00dfe Tore gelangt man in die Altstadt und zur Bastion. Auf schmalen, gepflasterten Gassen gelangt man zu den zahlreichen Sehensw\u00fcrdigkeiten von Cagliari und geniest herrliche Ausblicke von der Bastione di Saint Remy \u00fcber die Stadt und den Hafen.<\/span><\/p>\n<div class=\"facebook-like\"><fb:like layout=\"standard\" show_faces=\"true\" href=\"http:\/\/www.ralfkropp.de\/radreisen\/wordpress\/sardinien-2018\/\"><\/fb:like><\/div>","protected":false},"excerpt":{"rendered":"<p>Im M\u00e4rz 2018 ist Sardinien unser Reiseziel. Die erst Woche fahre ich allein die Ostk\u00fcste rauf und in der zweiten Woche mit Sabine die Westk\u00fcst. Tag 1 Ankunft auf Sardinien Korsika ist sch\u00f6n vom Flugzeug aus zu sehen und Erinnerungen [&hellip;] <a class=\"more-link\" href=\"http:\/\/www.ralfkropp.de\/radreisen\/wordpress\/sardinien-2018\/\">Kompletten Beitrag lesen&#8230;<\/a><\/p>\n","protected":false},"author":1,"featured_media":0,"parent":0,"menu_order":0,"comment_status":"closed","ping_status":"closed","template":"","meta":[],"_links":{"self":[{"href":"http:\/\/www.ralfkropp.de\/radreisen\/wordpress\/wp-json\/wp\/v2\/pages\/1558"}],"collection":[{"href":"http:\/\/www.ralfkropp.de\/radreisen\/wordpress\/wp-json\/wp\/v2\/pages"}],"about":[{"href":"http:\/\/www.ralfkropp.de\/radreisen\/wordpress\/wp-json\/wp\/v2\/types\/page"}],"author":[{"embeddable":true,"href":"http:\/\/www.ralfkropp.de\/radreisen\/wordpress\/wp-json\/wp\/v2\/users\/1"}],"replies":[{"embeddable":true,"href":"http:\/\/www.ralfkropp.de\/radreisen\/wordpress\/wp-json\/wp\/v2\/comments?post=1558"}],"version-history":[{"count":12,"href":"http:\/\/www.ralfkropp.de\/radreisen\/wordpress\/wp-json\/wp\/v2\/pages\/1558\/revisions"}],"predecessor-version":[{"id":2166,"href":"http:\/\/www.ralfkropp.de\/radreisen\/wordpress\/wp-json\/wp\/v2\/pages\/1558\/revisions\/2166"}],"wp:attachment":[{"href":"http:\/\/www.ralfkropp.de\/radreisen\/wordpress\/wp-json\/wp\/v2\/media?parent=1558"}],"curies":[{"name":"wp","href":"https:\/\/api.w.org\/{rel}","templated":true}]}}

<p>Im März 2018 ist Sardinien unser Reiseziel. Die erst Woche fahre ich allein die Ostküste rauf und in der zweiten Woche mit Sabine die Westküst.</p>
<p><iframe loading="lazy" class="alltrails" title="AllTrails: Trail Guides and Maps for Hiking, Camping, and Running" src="https://www.alltrails.com/widget/recording/sardinien-radtour-ostkuste-7-tage?u=m" width="100%" height="400" frameborder="0" marginwidth="0" marginheight="0" scrolling="no"></iframe></p>
<p><iframe loading="lazy" class="alltrails" title="AllTrails: Trail Guides and Maps for Hiking, Camping, and Running" src="https://www.alltrails.com/widget/recording/sardinien-radtour-westkuste-5-tage?u=m" width="100%" height="400" frameborder="0" marginwidth="0" marginheight="0" scrolling="no"></iframe></p>
<p><span style="font-family: Arial, serif;"><b>Tag 1</b></span></p>
<p><span style="font-family: Arial, serif;"><b>Ankunft auf Sardinien</b></span></p>
<p><span style="font-family: Arial, serif;">Korsika ist schön vom Flugzeug aus zu sehen und Erinnerungen an meine erste Radtour mit Sabine rund um Korsika gehen mir durch den Kopf .</span></p>
<p><span style="font-family: Arial, serif;">Wir fliegen über die Insel hinaus, bevor </span><span style="font-family: Arial, serif;">das Flugzeug eine Schleife dreht und</span><span style="font-family: Arial, serif;"> dann </span><span style="font-family: Arial, serif;">zu</span><span style="font-family: Arial, serif;">r L</span><span style="font-family: Arial, serif;">and</span><span style="font-family: Arial, serif;">ung</span><span style="font-family: Arial, serif;"> ansetz</span><span style="font-family: Arial, serif;">t</span><span style="font-family: Arial, serif;">. Der Radkoffer ist schnell abgeholt und nun stellt sich mir die Frage, wo </span><span style="font-family: Arial, serif;">deponiere </span><span style="font-family: Arial, serif;">ich den Karton? Auf dem Flugplatz oder in der Unterkunft? </span><span style="font-family: Arial, serif;">Leider bietet sich</span> <span style="font-family: Arial, serif;">a</span><span style="font-family: Arial, serif;">uf dem Flughafen keine gute Möglichkeit, so schleppe ich das ganze Gepäck zum Bahnhof, was aber nur ein</span><span style="font-family: Arial, serif;">e</span><span style="font-family: Arial, serif;"> Haltestelle ist ohne </span><span style="font-family: Arial, serif;">jegliche </span><span style="font-family: Arial, serif;">Gepäckaufbewahrung. Den Karton einfach hinter einer Mauer verstecken geht auch nicht, da bei Regen </span><span style="font-family: Arial, serif;">dieser</span><span style="font-family: Arial, serif;"> sich in seine Bestandteile auflösen würde. Also </span><span style="font-family: Arial, serif;">nehme ich </span><span style="font-family: Arial, serif;">alles </span><span style="font-family: Arial, serif;">mit </span><span style="font-family: Arial, serif;">in den Zug, was auch problemlos </span><span style="font-family: Arial, serif;">funktioniert</span><span style="font-family: Arial, serif;">. </span><span style="font-family: Arial, serif;">Dabei b</span><span style="font-family: Arial, serif;">ekomme </span><span style="font-family: Arial, serif;">ich</span><span style="font-family: Arial, serif;"> sogar noch Hilfe von der Schaffnerin. </span><span style="font-family: Arial, serif;">Am</span><span style="font-family: Arial, serif;"> Bahnhof von </span><em><span style="color: #000000;"><span style="font-family: Arial, serif;"><span lang="de-DE">Cagliari</span></span></span></em><span style="font-family: Arial, serif;"> stehe ich wieder etwas planlos</span><span style="font-family: Arial, serif;"> da, denn auch hier gibt es keine Möglichkeit der Gepäckaufbewahrung</span><span style="font-family: Arial, serif;">. Das ganze Gepäck zur Unterkunft schleppen scheint mir zu schwierig, denn ich müsste es immer in Etappen Stück für Stück voran bringen. Also baue ich das Rad zusammen, hängte die Gep</span><span style="font-family: Arial, serif;">ä</span><span style="font-family: Arial, serif;">cktaschen dran und ziehe den </span><span style="font-family: Arial, serif;">Fahrradkarton</span><span style="font-family: Arial, serif;"> neben </span><span style="font-family: Arial, serif;">mir her.</span></p>
<p><span style="font-family: Arial, serif;">Sehr </span><span style="font-family: Arial, serif;">a</span><span style="font-family: Arial, serif;">benteuerlich, </span><span style="font-family: Arial, serif;">d</span><span style="font-family: Arial, serif;">och alles geht gut bis mir eine Treppe d</span><span style="font-family: Arial, serif;">ie</span><span style="font-family: Arial, serif;"> letzten Meter zum Eingang </span><span style="font-family: Arial, serif;">des gebuchten Hostels</span><span style="font-family: Arial, serif;"> versperrt. Aber auch die wird bezwungen und in der Pension steht mir </span><span style="font-family: Arial, serif;">dann </span><span style="font-family: Arial, serif;">ein </span><span style="font-family: Arial, serif;">r</span><span style="font-family: Arial, serif;">iesiges Zimmer zur Verfügung. </span><span style="font-family: Arial, serif;">Das Fahrr</span><span style="font-family: Arial, serif;">ad und </span><span style="font-family: Arial, serif;">mein </span><span style="font-family: Arial, serif;">Karton bekommen Platz in einer Abstellkammer.</span></p>
<p><span style="font-family: Arial, serif;">Nach kurzer Erholung geht es in die Altstadt um das Hungergefühl nicht all zu groß werden zu lassen. Durch große Tore gelangt man in die Altstadt und zur Bastion. Auf schmalen, gepflasterten Gassen gelangt man zu den zahlreichen Sehenswürdigkeiten von Cagliari und geniest herrliche Ausblicke von der Bastione di Saint Remy über die Stadt und den Hafen.</span></p>
<div class="facebook-like"><fb:like layout="standard" show_faces="true" href="http://www.ralfkropp.de/radreisen/wordpress/sardinien-2018/"></fb:like></div>

<p>Im März 2018 ist Sardinien unser Reiseziel. Die erst Woche fahre ich allein die Ostküste rauf und in der zweiten Woche mit Sabine die Westküst. Tag 1 Ankunft auf Sardinien Korsika ist schön vom Flugzeug aus zu sehen und Erinnerungen [&hellip;] <a class="more-link" href="http://www.ralfkropp.de/radreisen/wordpress/sardinien-2018/">Kompletten Beitrag lesen&#8230;</a></p>
